{"id":507,"date":"2025-10-27T07:45:19","date_gmt":"2025-10-27T06:45:19","guid":{"rendered":"https:\/\/www.divadloosada.cz\/?page_id=507"},"modified":"2026-03-05T13:20:27","modified_gmt":"2026-03-05T12:20:27","slug":"sasek-a-jeho-kral","status":"publish","type":"page","link":"https:\/\/www.divadloosada.cz\/?page_id=507","title":{"rendered":"\u0160a\u0161ek a jeho kr\u00e1l"},"content":{"rendered":"\n<figure class=\"wp-block-image size-full\"><img loading=\"lazy\" decoding=\"async\" width=\"1920\" height=\"1080\" src=\"https:\/\/www.divadloosada.cz\/wp-content\/uploads\/2026\/03\/logo-sasek-a-jeho-kral.png\" alt=\"\" class=\"wp-image-587\" srcset=\"https:\/\/www.divadloosada.cz\/wp-content\/uploads\/2026\/03\/logo-sasek-a-jeho-kral.png 1920w, https:\/\/www.divadloosada.cz\/wp-content\/uploads\/2026\/03\/logo-sasek-a-jeho-kral-300x169.png 300w, https:\/\/www.divadloosada.cz\/wp-content\/uploads\/2026\/03\/logo-sasek-a-jeho-kral-1024x576.png 1024w, https:\/\/www.divadloosada.cz\/wp-content\/uploads\/2026\/03\/logo-sasek-a-jeho-kral-768x432.png 768w, https:\/\/www.divadloosada.cz\/wp-content\/uploads\/2026\/03\/logo-sasek-a-jeho-kral-1536x864.png 1536w\" sizes=\"auto, (max-width: 767px) 89vw, (max-width: 1000px) 54vw, (max-width: 1071px) 543px, 580px\" \/><\/figure>\n\n\n\n<hr class=\"wp-block-separator has-alpha-channel-opacity is-style-default\"\/>\n\n\n\n<blockquote class=\"wp-block-quote is-layout-flow wp-block-quote-is-layout-flow\">\n<p class=\"has-large-font-size\">Ka\u017ed\u00e1 doba m\u00e1 sv\u00e9ho kr\u00e1le. <br>Ka\u017ed\u00fd kr\u00e1l pot\u0159ebuje sv\u00e9 \u0161a\u0161ky. <br>Kr\u00e1l a \u0161a\u0161ek&nbsp;jedno&nbsp;jest.<\/p>\n<\/blockquote>\n\n\n\n<hr class=\"wp-block-separator has-alpha-channel-opacity\"\/>\n\n\n\n<div class=\"wp-block-media-text has-media-on-the-right is-stacked-on-mobile\"><div class=\"wp-block-media-text__content\">\n<blockquote class=\"wp-block-quote is-layout-flow wp-block-quote-is-layout-flow\">\n<p class=\"has-large-font-size\">Divadeln\u00ed spolek Osada uv\u00e1d\u00ed dramedii o moci a bezmoci &#8230;<\/p>\n<\/blockquote>\n<\/div><figure class=\"wp-block-media-text__media\"><img loading=\"lazy\" decoding=\"async\" width=\"616\" height=\"768\" src=\"https:\/\/www.divadloosada.cz\/wp-content\/uploads\/2025\/10\/stit-bezozadi.png\" alt=\"\" class=\"wp-image-517 size-full\" srcset=\"https:\/\/www.divadloosada.cz\/wp-content\/uploads\/2025\/10\/stit-bezozadi.png 616w, https:\/\/www.divadloosada.cz\/wp-content\/uploads\/2025\/10\/stit-bezozadi-241x300.png 241w\" sizes=\"auto, (max-width: 616px) 100vw, 616px\" \/><\/figure><\/div>\n\n\n\n<hr class=\"wp-block-separator has-alpha-channel-opacity\"\/>\n\n\n\n<p>\u0160a\u0161ek a jeho kr\u00e1l je tragikomedie pln\u00e1 \u010dern\u00e9ho humoru, absurdn\u00edch situac\u00ed a rychl\u00fdch hereck\u00fdch prom\u011bn.<\/p>\n\n\n\n<p>V kr\u00e1lovstv\u00ed, kter\u00e9 navenek funguje jako pevn\u00e1 a sebev\u011bdom\u00e1 \u0159\u00ed\u0161e, vl\u00e1dne kr\u00e1l p\u0159esv\u011bd\u010den\u00fd o sv\u00e9 velikosti. Po jeho boku stoj\u00ed \u0161a\u0161ek \u2013 bavi\u010d, sluha i tich\u00fd udr\u017eovatel po\u0159\u00e1dku. A n\u011bkde nabl\u00edzku je i kat, kter\u00fd vykon\u00e1v\u00e1 to, co se \u0159ekne\u2026 a ob\u010das to okomentuje s p\u0159ekvapiv\u00fdm nadhledem.<\/p>\n\n\n\n<p>Za ok\u00e1zal\u00fdmi rozkazy, tresty a velkolep\u00fdmi pl\u00e1ny se postupn\u011b objevuje oby\u010dejn\u00e1 lidsk\u00e1 slabost, strach a pot\u0159eba neb\u00fdt s\u00e1m. Hra s lehkost\u00ed st\u0159\u00edd\u00e1 grotesku s v\u00e1\u017en\u011bj\u0161\u00edmi momenty a klade ot\u00e1zku, kde kon\u010d\u00ed role a za\u010d\u00edn\u00e1 skute\u010dn\u00fd \u010dlov\u011bk. \u0160a\u0161ek a jeho kr\u00e1l je inscenace, kter\u00e1 pobav\u00ed, zneklidn\u00ed a nen\u00e1padn\u011b p\u0159ipomene, \u017ee mezi kr\u00e1lem a \u0161a\u0161kem b\u00fdv\u00e1 n\u011bkdy men\u0161\u00ed rozd\u00edl, ne\u017e by se zd\u00e1lo\u2026<\/p>\n\n\n\n<hr class=\"wp-block-separator has-alpha-channel-opacity\"\/>\n\n\n\n<p>Sc\u00e9n\u00e1\u0159: Kamil Vor\u00e1\u010dek a Pavel Mainzer<\/p>\n\n\n\n<p>Re\u017eie: Kamil Vor\u00e1\u010dek, Pavel Mainzer, Michal N\u00e1gr<\/p>\n\n\n\n<p>Mistr zvuku: Petr Vyn\u00e1hlovsk\u00fd<\/p>\n\n\n\n<p>Sv\u011bteln\u00e9 efekty: David Vyn\u00e1hlovsk\u00fd<\/p>\n\n\n\n<hr class=\"wp-block-separator has-alpha-channel-opacity\"\/>\n\n\n\n<p>Hraj\u00ed: <\/p>\n\n\n\n<p>Kamil Vor\u00e1\u010dek<\/p>\n\n\n\n<p>Pavel Mainzer<\/p>\n\n\n\n<p>Michal N\u00e1gr<\/p>\n\n\n\n<h2 class=\"wp-block-heading\">Fotogalerie<\/h2>\n\n\n\n<figure class=\"wp-block-image\"><img loading=\"lazy\" decoding=\"async\" width=\"2560\" height=\"1183\" src=\"https:\/\/www.divadloosada.cz\/wp-content\/uploads\/2026\/03\/Sasek-a-jeho-kral-6-scaled.jpg\" alt=\"\" class=\"wp-image-595\" srcset=\"https:\/\/www.divadloosada.cz\/wp-content\/uploads\/2026\/03\/Sasek-a-jeho-kral-6-scaled.jpg 2560w, https:\/\/www.divadloosada.cz\/wp-content\/uploads\/2026\/03\/Sasek-a-jeho-kral-6-300x139.jpg 300w, https:\/\/www.divadloosada.cz\/wp-content\/uploads\/2026\/03\/Sasek-a-jeho-kral-6-1024x473.jpg 1024w, https:\/\/www.divadloosada.cz\/wp-content\/uploads\/2026\/03\/Sasek-a-jeho-kral-6-768x355.jpg 768w, https:\/\/www.divadloosada.cz\/wp-content\/uploads\/2026\/03\/Sasek-a-jeho-kral-6-1536x710.jpg 1536w, https:\/\/www.divadloosada.cz\/wp-content\/uploads\/2026\/03\/Sasek-a-jeho-kral-6-2048x946.jpg 2048w\" sizes=\"auto, (max-width: 767px) 89vw, (max-width: 1000px) 54vw, (max-width: 1071px) 543px, 580px\" \/><figcaption class=\"wp-element-caption\">\u0160a\u0161ek a jeho kr\u00e1l<\/figcaption><\/figure>\n\n\n\n<figure class=\"wp-block-image\"><img loading=\"lazy\" decoding=\"async\" width=\"2560\" height=\"1183\" src=\"https:\/\/www.divadloosada.cz\/wp-content\/uploads\/2026\/03\/Sasek-a-jeho-kral-3-scaled.jpg\" alt=\"\" class=\"wp-image-592\" srcset=\"https:\/\/www.divadloosada.cz\/wp-content\/uploads\/2026\/03\/Sasek-a-jeho-kral-3-scaled.jpg 2560w, https:\/\/www.divadloosada.cz\/wp-content\/uploads\/2026\/03\/Sasek-a-jeho-kral-3-300x139.jpg 300w, https:\/\/www.divadloosada.cz\/wp-content\/uploads\/2026\/03\/Sasek-a-jeho-kral-3-1024x473.jpg 1024w, https:\/\/www.divadloosada.cz\/wp-content\/uploads\/2026\/03\/Sasek-a-jeho-kral-3-768x355.jpg 768w, https:\/\/www.divadloosada.cz\/wp-content\/uploads\/2026\/03\/Sasek-a-jeho-kral-3-1536x710.jpg 1536w, https:\/\/www.divadloosada.cz\/wp-content\/uploads\/2026\/03\/Sasek-a-jeho-kral-3-2048x946.jpg 2048w\" sizes=\"auto, (max-width: 767px) 89vw, (max-width: 1000px) 54vw, (max-width: 1071px) 543px, 580px\" \/><figcaption class=\"wp-element-caption\">\u0160a\u0161ek a jeho kr\u00e1l<\/figcaption><\/figure>\n\n\n\n<figure class=\"wp-block-image\"><img loading=\"lazy\" decoding=\"async\" width=\"2560\" height=\"1183\" src=\"https:\/\/www.divadloosada.cz\/wp-content\/uploads\/2026\/03\/Sasek-a-jeho-kral-1-scaled.jpg\" alt=\"\" class=\"wp-image-590\" srcset=\"https:\/\/www.divadloosada.cz\/wp-content\/uploads\/2026\/03\/Sasek-a-jeho-kral-1-scaled.jpg 2560w, https:\/\/www.divadloosada.cz\/wp-content\/uploads\/2026\/03\/Sasek-a-jeho-kral-1-300x139.jpg 300w, https:\/\/www.divadloosada.cz\/wp-content\/uploads\/2026\/03\/Sasek-a-jeho-kral-1-1024x473.jpg 1024w, https:\/\/www.divadloosada.cz\/wp-content\/uploads\/2026\/03\/Sasek-a-jeho-kral-1-768x355.jpg 768w, https:\/\/www.divadloosada.cz\/wp-content\/uploads\/2026\/03\/Sasek-a-jeho-kral-1-1536x710.jpg 1536w, https:\/\/www.divadloosada.cz\/wp-content\/uploads\/2026\/03\/Sasek-a-jeho-kral-1-2048x946.jpg 2048w\" sizes=\"auto, (max-width: 767px) 89vw, (max-width: 1000px) 54vw, (max-width: 1071px) 543px, 580px\" \/><figcaption class=\"wp-element-caption\">\u0160a\u0161ek a jeho kr\u00e1l<\/figcaption><\/figure>\n\n\n\n<figure class=\"wp-block-image\"><img loading=\"lazy\" decoding=\"async\" width=\"2560\" height=\"1183\" src=\"https:\/\/www.divadloosada.cz\/wp-content\/uploads\/2026\/03\/Sasek-a-jeho-kral-7-scaled.jpg\" alt=\"\" class=\"wp-image-596\" srcset=\"https:\/\/www.divadloosada.cz\/wp-content\/uploads\/2026\/03\/Sasek-a-jeho-kral-7-scaled.jpg 2560w, https:\/\/www.divadloosada.cz\/wp-content\/uploads\/2026\/03\/Sasek-a-jeho-kral-7-300x139.jpg 300w, https:\/\/www.divadloosada.cz\/wp-content\/uploads\/2026\/03\/Sasek-a-jeho-kral-7-1024x473.jpg 1024w, https:\/\/www.divadloosada.cz\/wp-content\/uploads\/2026\/03\/Sasek-a-jeho-kral-7-768x355.jpg 768w, https:\/\/www.divadloosada.cz\/wp-content\/uploads\/2026\/03\/Sasek-a-jeho-kral-7-1536x710.jpg 1536w, https:\/\/www.divadloosada.cz\/wp-content\/uploads\/2026\/03\/Sasek-a-jeho-kral-7-2048x946.jpg 2048w\" sizes=\"auto, (max-width: 767px) 89vw, (max-width: 1000px) 54vw, (max-width: 1071px) 543px, 580px\" \/><figcaption class=\"wp-element-caption\">\u0160a\u0161ek a jeho kr\u00e1l<\/figcaption><\/figure>\n\n\n\n<figure class=\"wp-block-image\"><img loading=\"lazy\" decoding=\"async\" width=\"2560\" height=\"1183\" src=\"https:\/\/www.divadloosada.cz\/wp-content\/uploads\/2026\/03\/Sasek-a-jeho-kral-2-scaled.jpg\" alt=\"\" class=\"wp-image-591\" srcset=\"https:\/\/www.divadloosada.cz\/wp-content\/uploads\/2026\/03\/Sasek-a-jeho-kral-2-scaled.jpg 2560w, https:\/\/www.divadloosada.cz\/wp-content\/uploads\/2026\/03\/Sasek-a-jeho-kral-2-300x139.jpg 300w, https:\/\/www.divadloosada.cz\/wp-content\/uploads\/2026\/03\/Sasek-a-jeho-kral-2-1024x473.jpg 1024w, https:\/\/www.divadloosada.cz\/wp-content\/uploads\/2026\/03\/Sasek-a-jeho-kral-2-768x355.jpg 768w, https:\/\/www.divadloosada.cz\/wp-content\/uploads\/2026\/03\/Sasek-a-jeho-kral-2-1536x710.jpg 1536w, https:\/\/www.divadloosada.cz\/wp-content\/uploads\/2026\/03\/Sasek-a-jeho-kral-2-2048x946.jpg 2048w\" sizes=\"auto, (max-width: 767px) 89vw, (max-width: 1000px) 54vw, (max-width: 1071px) 543px, 580px\" \/><figcaption class=\"wp-element-caption\">\u0160a\u0161ek a jeho kr\u00e1l<\/figcaption><\/figure>\n\n\n\n<figure class=\"wp-block-image\"><img loading=\"lazy\" decoding=\"async\" width=\"2560\" height=\"1183\" src=\"https:\/\/www.divadloosada.cz\/wp-content\/uploads\/2026\/03\/Sasek-a-jeho-kral-4-scaled.jpg\" alt=\"\" class=\"wp-image-593\" srcset=\"https:\/\/www.divadloosada.cz\/wp-content\/uploads\/2026\/03\/Sasek-a-jeho-kral-4-scaled.jpg 2560w, https:\/\/www.divadloosada.cz\/wp-content\/uploads\/2026\/03\/Sasek-a-jeho-kral-4-300x139.jpg 300w, https:\/\/www.divadloosada.cz\/wp-content\/uploads\/2026\/03\/Sasek-a-jeho-kral-4-1024x473.jpg 1024w, https:\/\/www.divadloosada.cz\/wp-content\/uploads\/2026\/03\/Sasek-a-jeho-kral-4-768x355.jpg 768w, https:\/\/www.divadloosada.cz\/wp-content\/uploads\/2026\/03\/Sasek-a-jeho-kral-4-1536x710.jpg 1536w, https:\/\/www.divadloosada.cz\/wp-content\/uploads\/2026\/03\/Sasek-a-jeho-kral-4-2048x946.jpg 2048w\" sizes=\"auto, (max-width: 767px) 89vw, (max-width: 1000px) 54vw, (max-width: 1071px) 543px, 580px\" \/><figcaption class=\"wp-element-caption\">\u0160a\u0161ek a jeho kr\u00e1l<\/figcaption><\/figure>\n\n\n\n<figure class=\"wp-block-image\"><img loading=\"lazy\" decoding=\"async\" width=\"2560\" height=\"1183\" src=\"https:\/\/www.divadloosada.cz\/wp-content\/uploads\/2026\/03\/Sasek-a-jeho-kral-5-scaled.jpg\" alt=\"\" class=\"wp-image-594\" srcset=\"https:\/\/www.divadloosada.cz\/wp-content\/uploads\/2026\/03\/Sasek-a-jeho-kral-5-scaled.jpg 2560w, https:\/\/www.divadloosada.cz\/wp-content\/uploads\/2026\/03\/Sasek-a-jeho-kral-5-300x139.jpg 300w, https:\/\/www.divadloosada.cz\/wp-content\/uploads\/2026\/03\/Sasek-a-jeho-kral-5-1024x473.jpg 1024w, https:\/\/www.divadloosada.cz\/wp-content\/uploads\/2026\/03\/Sasek-a-jeho-kral-5-768x355.jpg 768w, https:\/\/www.divadloosada.cz\/wp-content\/uploads\/2026\/03\/Sasek-a-jeho-kral-5-1536x710.jpg 1536w, https:\/\/www.divadloosada.cz\/wp-content\/uploads\/2026\/03\/Sasek-a-jeho-kral-5-2048x946.jpg 2048w\" sizes=\"auto, (max-width: 767px) 89vw, (max-width: 1000px) 54vw, (max-width: 1071px) 543px, 580px\" \/><figcaption class=\"wp-element-caption\">\u0160a\u0161ek a jeho kr\u00e1l<\/figcaption><\/figure>\n\n\n\n<hr class=\"wp-block-separator has-alpha-channel-opacity\"\/>\n\n\n\n<figure class=\"wp-block-embed is-type-video is-provider-youtube wp-block-embed-youtube wp-embed-aspect-16-9 wp-has-aspect-ratio\"><div class=\"wp-block-embed__wrapper\">\n<iframe loading=\"lazy\" title=\"Pozv\u00e1nka - \u0160a\u0161ek a jeho kr\u00e1l - divadlo Osada\" width=\"525\" height=\"295\" src=\"https:\/\/www.youtube.com\/embed\/oN1X0ZJm6AY?feature=oembed\" frameborder=\"0\" allow=\"accelerometer; autoplay; clipboard-write; encrypted-media; gyroscope; picture-in-picture; web-share\" referrerpolicy=\"strict-origin-when-cross-origin\" allowfullscreen><\/iframe>\n<\/div><\/figure>\n\n\n\n<div class=\"wp-block-group\"><div class=\"wp-block-group__inner-container is-layout-constrained wp-block-group-is-layout-constrained\">\n<div class=\"wp-block-group\"><div class=\"wp-block-group__inner-container is-layout-constrained wp-block-group-is-layout-constrained\">\n<h2 class=\"wp-block-heading\">Aktu\u00e1ln\u011b hrajeme:<\/h2>\n\n\n\n<p>Kde tuhle hru m\u016f\u017eete aktu\u00e1ln\u011b vid\u011bt si jednodu\u0161e dohled\u00e1te v na\u0161em kalend\u00e1\u0159i. <br>Doporu\u010dujeme si ho p\u0159idat k Va\u0161im ostatn\u00edm kalend\u00e1\u0159\u016fm, a\u0165 v\u00e1m n\u00e1hodou n\u011bjak\u00e9 p\u0159edstaven\u00ed neunikne \ud83d\ude42<\/p>\n\n\n\n<iframe loading=\"lazy\" src=\"https:\/\/calendar.google.com\/calendar\/embed?height=600&#038;wkst=2&#038;ctz=Europe%2FPrague&#038;bgcolor=%23ffffff&#038;showTitle=0&#038;showCalendars=0&#038;showTz=0&#038;src=dmFibWQxaHR0bnZlcjdmcDIzb2FqbmZrcmNAZ3JvdXAuY2FsZW5kYXIuZ29vZ2xlLmNvbQ&#038;color=%237CB342\" style=\"border:solid 1px #777\" width=\"800\" height=\"600\" frameborder=\"0\" scrolling=\"no\"><\/iframe>\n<\/div><\/div>\n\n\n\n<h2 class=\"wp-block-heading\">M\u00e1te z\u00e1jem o na\u0161e p\u0159edstaven\u00ed? <\/h2>\n\n\n\n<p>Pokud V\u00e1s nab\u00eddka p\u0159edstaven\u00ed zaujala, budeme r\u00e1di, kdy\u017e n\u00e1s kontaktujete:<br>Pavel Mainzer | <strong><a href=\"mailto:mainzer.pavel@gmail.com\">mainzer.pavel@gmail.com<\/a><\/strong> | 725 069 865<br>M\u016f\u017eeme si o p\u0159edstaven\u00ed popov\u00eddat, poslat v\u00edce materi\u00e1l\u016f nebo rovnou za\u010d\u00edt hledat vhodn\u00fd term\u00edn.<br>T\u011b\u0161\u00edme se na p\u0159\u00edpadnou spolupr\u00e1ci.<\/p>\n<\/div><\/div>\n","protected":false},"excerpt":{"rendered":"<p>Ka\u017ed\u00e1 doba m\u00e1 sv\u00e9ho kr\u00e1le. Ka\u017ed\u00fd kr\u00e1l pot\u0159ebuje sv\u00e9 \u0161a\u0161ky. Kr\u00e1l a \u0161a\u0161ek&nbsp;jedno&nbsp;jest. \u0160a\u0161ek a jeho kr\u00e1l je tragikomedie pln\u00e1 \u010dern\u00e9ho humoru, absurdn\u00edch situac\u00ed a rychl\u00fdch hereck\u00fdch prom\u011bn. V kr\u00e1lovstv\u00ed, kter\u00e9 navenek funguje jako pevn\u00e1 a sebev\u011bdom\u00e1 \u0159\u00ed\u0161e, vl\u00e1dne kr\u00e1l p\u0159esv\u011bd\u010den\u00fd o sv\u00e9 velikosti. Po jeho boku stoj\u00ed \u0161a\u0161ek \u2013 bavi\u010d, sluha i tich\u00fd udr\u017eovatel &hellip; <\/p>\n<p class=\"link-more\"><a href=\"https:\/\/www.divadloosada.cz\/?page_id=507\" class=\"more-link\">Pokra\u010dovat ve \u010dten\u00ed<span class=\"screen-reader-text\"> &#8222;\u0160a\u0161ek a jeho kr\u00e1l&#8220;<\/span><\/a><\/p>\n","protected":false},"author":1,"featured_media":0,"parent":0,"menu_order":0,"comment_status":"closed","ping_status":"closed","template":"","meta":{"footnotes":""},"class_list":["post-507","page","type-page","status-publish","hentry"],"_links":{"self":[{"href":"https:\/\/www.divadloosada.cz\/index.php?rest_route=\/wp\/v2\/pages\/507","targetHints":{"allow":["GET"]}}],"collection":[{"href":"https:\/\/www.divadloosada.cz\/index.php?rest_route=\/wp\/v2\/pages"}],"about":[{"href":"https:\/\/www.divadloosada.cz\/index.php?rest_route=\/wp\/v2\/types\/page"}],"author":[{"embeddable":true,"href":"https:\/\/www.divadloosada.cz\/index.php?rest_route=\/wp\/v2\/users\/1"}],"replies":[{"embeddable":true,"href":"https:\/\/www.divadloosada.cz\/index.php?rest_route=%2Fwp%2Fv2%2Fcomments&post=507"}],"version-history":[{"count":13,"href":"https:\/\/www.divadloosada.cz\/index.php?rest_route=\/wp\/v2\/pages\/507\/revisions"}],"predecessor-version":[{"id":599,"href":"https:\/\/www.divadloosada.cz\/index.php?rest_route=\/wp\/v2\/pages\/507\/revisions\/599"}],"wp:attachment":[{"href":"https:\/\/www.divadloosada.cz\/index.php?rest_route=%2Fwp%2Fv2%2Fmedia&parent=507"}],"curies":[{"name":"wp","href":"https:\/\/api.w.org\/{rel}","templated":true}]}}